Let h(r) = r**2 - 7*r + 8. Let s be h(4). Let m be (s - -1)/(6/(-10)). Suppose -64 = -m*g - 14. Calculate the greatest common divisor of 20 and g.
10
Let c(r) = r**3 + 23*r**2 + 51*r + 100. Let m be c(-20). What is the greatest common divisor of 120 and m?
40
Let d(g) = -65*g**3 + g**2 + g. Suppose 2*l = -2*o - 10, 3*l - 6 - 7 = 4*o. Let f be d(l). Let u = -11 - -24. What is the greatest common divisor of u and f?
13
Suppose -3*m + 6 = -3. Let n(w) = 3*w - 15. Suppose -12*y = -16*y + 44. Let j be n(y). Calculate the highest common factor of j and m.
3
Suppose -91*w + 77*w + 21056 = 0. Calculate the highest common factor of w and 32.
32
Let y(s) = 18*s**2 - 2*s + 2. Let j be y(2). What is the highest common factor of 490 and j?
70
Let w be (-1)/(-1 - 4/(-6)). Let r(f) = -f + 4*f - 3*f + 3 + w*f. Let h be r(7). What is the greatest common factor of 8 and h?
8
Let f = -17 + 20. Suppose -f*n = -68 - 4. What is the highest common factor of 72 and n?
24
Let k(n) = 4*n**3 + 5*n - 2. Let p be k(2). Let x be 1*(-1)/(4/(-40)). What is the highest common divisor of p and x?
10
Let f be (-6)/15 + 1126/(-10). Let w = 163 + f. What is the greatest common factor of 20 and w?
10
Let g be 192/28*(-5 - (-102)/12). Calculate the greatest common factor of 852 and g.
12
Let k be (-2)/(-19) - (-7 - 222/57). What is the greatest common factor of 44 and k?
11
Suppose 0 = 4*q - 7*q + 42. What is the highest common divisor of q and 574?
14
Let l = 261 + -154. Let n = -67 + l. What is the highest common divisor of 30 and n?
10
Let h = 15 + -21. Let w be (-11 + 8)*16/h*1. What is the greatest common factor of w and 1?
1
Suppose -3*q + 14*q = 2431. What is the highest common factor of q and 34?
17
Suppose -7*g = 38*t - 36*t - 183, 4*g + 4*t - 96 = 0. Let r = 196 - 88. What is the greatest common factor of g and r?
27
Let h(d) = 179*d + 79. Let f be h(3). What is the greatest common divisor of f and 56?
56
Suppose 0*s = -5*r - 4*s + 118, -r + s + 29 = 0. Let a(u) = 12*u - 23. Let p be a(10). Let k = p + -19. What is the highest common divisor of k and r?
26
Suppose -t - 248 + 261 = 0. Let v(p) = -29*p + 1. Let h be v(-4). Calculate the greatest common divisor of h and t.
13
Suppose 0*n - 4*d - 14 = -3*n, 2*d = -2*n + 28. Let f be n - 0 - 1 - 4. Let y = 9 - f. What is the greatest common factor of y and 36?
4
Let n(g) = g**2 + 58*g + 117. Let y be n(-56). What is the greatest common divisor of 265 and y?
5
Let p(o) be the second derivative of 25*o**4/3 + o**3/6 - 23*o. Let q be p(-1). What is the highest common factor of q and 11?
11
Suppose 2*j = 1 - 5. Let t be 2054/286 - j/(-11). Calculate the greatest common factor of 21 and t.
7
Let w be (5/(-2))/((-426)/60 - -7). What is the greatest common divisor of 10 and w?
5
Suppose 0*f - 5*f + 56 = 3*l, 42 = 5*f - 4*l. Suppose -14*i + 11*i + 90 = 0. Calculate the greatest common factor of i and f.
10
Let d be (-4)/(-3) - 2/6. Let p be 56 + 2 + 1 + d. What is the highest common factor of 40 and p?
20
Suppose 39*u + 1566 = 68*u. Calculate the greatest common factor of u and 1350.
54
Let c be (2/6)/((-4)/36). Suppose 20 = 4*x + 8. Let u = x - c. What is the greatest common factor of u and 30?
6
Suppose -4*c + 3*a + 37 = 0, 2*c - c = a + 9. Suppose -35*v = 23*v - 1845 + 395. What is the greatest common factor of c and v?
5
Let r = 409 - 365. Calculate the greatest common factor of 748 and r.
44
Let n = 215 - 203. What is the highest common factor of 3 and n?
3
Suppose 2*q + 3*q = 0. Let f(o) = 3*o - 51. Let u be f(q). Let n be (-4)/(-34) - 606/u. What is the greatest common divisor of 96 and n?
12
Suppose -q + 2*q = 16. Let h = -155 + -44. Let v = 207 + h. Calculate the highest common factor of v and q.
8
Suppose 4*f = 5*j + 171, -2*j + 177 = 2*f + 69. Calculate the greatest common factor of f and 196.
49
Let q be (1 + -4)/((-3)/2). Suppose -q*h + 72 = -6*h. Let s = 7 - h. Calculate the greatest common divisor of s and 10.
5
Suppose 5*g + 10 = 6*i - 3*i, 4*g = -3*i + 19. Let c(x) = x**3 - 6*x**2 - 5*x - 9. Let z be c(7). What is the highest common factor of z and i?
5
Let u be (-1 - -10)*(-5 + 50/6). What is the greatest common divisor of 1125 and u?
15
Let y be 19 + 2/((-12)/(-30)). What is the greatest common factor of 168 and y?
24
Let z(w) = 4*w. Let l be z(2). Suppose 3*r = -o + 68, r = -5*o - 91 + 375. Let u = -40 + o. Calculate the highest common divisor of l and u.
8
Let s = 9 + 145. What is the greatest common divisor of s and 44?
22
Let l(g) = -g**3 + 20*g**2 - 5*g + 40. Let u be l(18). Suppose 6*b = -u + 2272. What is the highest common divisor of 31 and b?
31
Suppose 479*f = 477*f + 30. Calculate the highest common factor of 60 and f.
15
Suppose -i - 8*q = -4*q + 10, 0 = 4*i + 4*q - 20. What is the greatest common divisor of 1130 and i?
10
Let z(q) = -5*q**2 - 16. Let m be z(6). Let b = -115 - m. Calculate the highest common divisor of b and 9.
9
Suppose 2*q = -3*q - 25. Let f = q + 8. Let j be f/2*(-8)/(-6). What is the greatest common factor of 5 and j?
1
Suppose -y = -2*y + 102. Let h be 1920/112 + 2/(-14). Calculate the greatest common factor of y and h.
17
Let i(b) = b**2 - 3*b + 13. Let k be i(7). Let g = k + -30. Calculate the highest common divisor of 99 and g.
11
Suppose d - 5*d + 16 = 0. Suppose d*c - 44 = -0*c. What is the greatest common divisor of c and 1?
1
Let s = 102 + 204. What is the greatest common divisor of 34 and s?
34
Suppose -10 = -5*n + 10. Suppose 0 = a - 4*h - 10, 5*a = -n*h + 2*h + 6. Let o = -7773 - -7774. What is the highest common factor of o and a?
1
Let m be ((-32)/40)/((-2)/5). Suppose -4*l - 11 - 7 = m*z, -l - 1 = -3*z. Let k be l/(-10) + (-1166)/(-10). What is the highest common divisor of k and 13?
13
Let d(g) = -221*g + 21. Let q(v) = -110*v + 11. Let a(y) = -6*d(y) + 13*q(y). Let o be a(-3). What is the highest common factor of 47 and o?
47
Let g be 188/(-19) + 28/(-266). Let p be -3 - -6 - (g + -3). What is the greatest common divisor of 176 and p?
16
Suppose 3*i - 1141 = -i + 3*z, z - 583 = -2*i. Let h = -163 + i. Suppose -51 = -5*q + 39. What is the greatest common divisor of q and h?
18
Let t be -3*(-8)/(-12) + -41. Let v = 91 + t. Suppose -5*n = -z + 41, -7 = -2*z - 4*n + 5. What is the greatest common factor of z and v?
16
Suppose 5*c - 108 = c. Let q(l) = -4*l**2 + 86*l + 219. Let h be q(23). Calculate the highest common factor of h and c.
27
Suppose 4*i + 9*i = 1950. Calculate the highest common factor of i and 6.
6
Let w = -869 - -1220. Calculate the highest common divisor of 27 and w.
27
Let d be 3/(-24) + 76125/232. Calculate the highest common factor of d and 8.
8
Suppose -2*p + 0 = -4. Suppose -3*s = -5*z - 6*s + 18, z + p = 5*s. Let d be -12*(z + -4) + -3. What is the greatest common divisor of d and 54?
9
Let k = -1807 - -1818. What is the greatest common factor of 2563 and k?
11
Let g = 41 - 37. Suppose c = g*c - 144. Calculate the highest common factor of 32 and c.
16
Let r(a) = -a**3 - 4*a**2 + 6*a + 4. Let z be r(-6). Let n = 47 + -41. Let m be 1/n + (-348)/(-72). Calculate the highest common divisor of z and m.
5
Suppose -3*n - y = -42, 0 = 6*n - 2*n + 5*y - 45. What is the highest common divisor of n and 15?
15
Suppose -2*y - 234 = -4*y. Suppose -5*i + 33 + y = 0. Calculate the highest common factor of 300 and i.
30
Suppose y - 9 = 5. Let i be 6/(-21) - (-634)/y. Let f(a) = -a - 5. Let x be f(-10). Calculate the highest common divisor of x and i.
5
Let i(z) = z**3 + 10*z**2 + 9*z. Let x be i(-9). Suppose -5*h = -x*h - 35. Suppose 0 = -4*w + 30 - 2. Calculate the highest common divisor of h and w.
7
Let h = -231 + 127. Let t be 6/(-9) + h/(-12). Let g be 10*52/t*1. Calculate the highest common divisor of 13 and g.
13
Let k(n) = -4*n - 1. Let d be k(-1). Suppose 10 = -4*w + 2*p, 4 = -4*p + 24. Suppose 6*x - 3*x - 81 = w. Calculate the greatest common factor of d and x.
3
Let o be 7*(40/14)/2. Let h = -844 - -854. Calculate the greatest common divisor of h and o.
10
Let v(i) = 17*i**2 - 13*i + 50. Let t be v(7). What is the highest common divisor of 8 and t?
8
Let z = 849 - -582. What is the greatest common factor of z and 54?
27
Suppose -5*y = -2*v, -3*v + y + 9 = -4. Suppose -4*g = -5*r + r - 292, v*g + r - 395 = 0. Suppose -b + g = b. Calculate the highest 